 are the prime factors of 245003?
11, 22273
What are the prime factors of 325041?
3, 108347
List the prime factors of 5253309.
3, 103, 1889
What are the prime factors of 3942593?
233, 16921
List the prime factors of 118270.
2, 5, 11827
What are the prime factors of 3179040?
2, 3, 5, 37, 179
What are the prime factors of 1201015?
5, 240203
What are the prime factors of 13887264?
2, 3, 144659
What are the prime factors of 2808760?
2, 5, 23, 43, 71
List the prime factors of 91333.
11, 19, 23
List the prime factors of 22128970.
2, 5, 61, 36277
List the prime factors of 117721.
117721
What are the prime factors of 256354?
2, 7, 18311
What are the prime factors of 165777?
3, 55259
List the prime factors of 810860.
2, 5, 40543
What are the prime factors of 1202240?
2, 5, 13, 17
List the prime factors of 1226451.
3, 408817
What are the prime factors of 69715?
5, 73, 191
List the prime factors of 639153.
3, 47, 1511
What are the prime factors of 40157228?
2, 29, 103, 3361
List the prime factors of 26992368.
2, 3, 13, 14419
What are the prime factors of 2825746?
2, 7, 11, 59, 311
What are the prime factors of 79673?
11, 7243
List the prime factors of 80865.
3, 5, 599
List the prime factors of 427885.
5, 85577
What are the prime factors of 185401?
185401
What are the prime factors of 1283946?
2, 3, 29, 47, 157
List the prime factors of 429646.
2, 7, 30689
List the prime factors of 2556742.
2, 1278371
What are the prime factors of 120610?
2, 5, 7, 1723
What are the prime factors of 47550?
2, 3, 5, 317
List the prime factors of 6474533.
13, 53, 9397
What are the prime factors of 10330935?
3, 5, 688729
List the prime factors of 410271.
3, 163, 839
List the prime factors of 937710.
2, 3, 5, 23, 151
List the prime factors of 6916230.
2, 3, 5, 76847
List the prime factors of 211882.
2, 11, 9631
What are the prime factors of 1296610?
2, 5, 7, 18523
List the prime factors of 53471.
11, 4861
What are the prime factors of 16406388?
2, 3, 16879
List the prime factors of 5802801.
3, 227, 8521
List the prime factors of 20505892.
2, 11, 466043
List the prime factors of 91805.
5, 7, 43, 61
List the prime factors of 2440365.
3, 5, 162691
List the prime factors of 1043402.
2, 401, 1301
List the prime factors of 912423.
3, 31, 9811
List the prime factors of 36803.
13, 19, 149
What are the prime factors of 643827?
3, 317, 677
What are the prime factors of 12141833?
11, 1103803
List the prime factors of 132390.
2, 3, 5, 1471
List the prime factors of 13570.
2, 5, 23, 59
List the prime factors of 296551.
296551
List the prime factors of 2249795.
5, 449959
List the prime factors of 1175390.
2, 5, 117539
What are the prime factors of 642219?
3, 19, 593
List the prime factors of 508294.
2, 254147
What are the prime factors of 1813800?
2, 3, 5, 3023
List the prime factors of 554065.
5, 110813
What are the prime factors of 5241951?
3, 11, 13, 4073
List the prime factors of 12362668.
2, 619, 4993
List the prime factors of 4793265.
3, 5, 29, 3673
What are the prime factors of 2404314?
2, 3, 11, 12143
List the prime factors of 2747859.
3, 673, 1361
List the prime factors of 15472823.
47, 329209
What are the prime factors of 17801468?
2, 1877, 2371
List the prime factors of 1806922.
2, 13, 69497
List the prime factors of 4278824.
2, 11, 48623
What are the prime factors of 169885?
5, 61, 557
What are the prime factors of 3080144?
2, 311, 619
What are the prime factors of 1469575?
5, 29, 2027
List the prime factors of 1660389.
3, 553463
List the prime factors of 2072782.
2, 1036391
List the prime factors of 1758695.
5, 23, 41, 373
List the prime factors of 91639.
91639
What are the prime factors of 6134524?
2, 11, 107, 1303
List the prime factors of 2231990.
2, 5, 61, 3659
List the prime factors of 1612911.
3, 537637
What are the prime factors of 3098821?
11, 41, 6871
What are the prime factors of 233354?
2, 11, 10607
List the prime factors of 10599483.
3, 17, 207833
List the prime factors of 15645312.
2, 3, 503
List the prime factors of 17373.
3, 5791
What are the prime factors of 4366513?
4366513
List the prime factors of 382778.
2, 11, 127, 137
List the prime factors of 1560617.
17, 91801
List the prime factors of 1106367.
3, 368789
List the prime factors of 152249.
152249
What are the prime factors of 3998009?
17, 235177
List the prime factors of 343919.
19, 23, 787
List the prime factors of 18738794.
2, 17, 179, 3079
What are the prime factors of 425479?
139, 3061
List the prime factors of 29438.
2, 41, 359
What are the prime factors of 7865208?
2, 3, 13, 2801
List the prime factors of 221756.
2, 55439
List the prime factors of 6350408.
2, 19, 41, 1019
List the prime factors of 1400866.
2, 700433
What are the prime factors of 2078432?
2, 64951
List the prime factors of 6274179.
3, 29, 2671
What are the prime factors of 306381?
3, 73, 1399
List the prime factors of 108197.
257, 421
What are the prime factors of 1949366?
2, 433, 2251
List the prime factors of 30749122.
2, 15374561
List the prime factors of 1233504.
2, 3, 4283
List the prime factors of 15923047.
7, 41, 109, 509
List the prime factors of 1743718.
2, 661, 1319
List the prime factors of 37471026.
2, 3, 17, 113, 3251
List the prime factors of 971436.
2, 3, 80953
What are the prime factors of 3095057?
7, 442151
List the prime factors of 15632060.
2, 5, 19, 31, 1327
What are the prime factors of 395461?
11, 35951
List the prime factors of 1052456.
2, 293, 449
What are the prime factors of 352481?
352481
List the prime factors of 166602.
2, 3, 27767
What are the prime factors of 3209081?
19, 168899
What are the prime factors of 574910?
2, 5, 7, 43, 191
What are the prime factors of 376610?
2, 5, 13, 2897
What are the prime factors of 98163?
3, 13, 839
What are the prime factors of 1276587?
3, 13, 3637
List the prime factors of 55121.
11, 5011
What are the prime factors of 4442836?
2, 1110709
List the prime factors of 67223.
13, 5171
What are the prime factors of 3769567?
113, 33359
What are the prime factors of 266361?
3, 19, 4673
List the prime factors of 5163275.
5, 13, 15887
What are the prime factors of 672187?
59, 11393
What are the prime factors of 5360345?
5, 631, 1699
What are the prime factors of 1481950?
2, 5, 107, 277
List the prime factors of 2010757.
7, 287251
What are the prime factors of 1129312?
2, 35291
List the prime factors of 376781.
577, 653
List the prime factors of 12723948.
2, 3, 353443
List the prime factors of 307009.
307009
What are the prime factors of 26769426?
2, 3, 37, 3259
List the prime factors of 21532500.
2, 3, 5, 11, 29
What are the prime factors of 191453?
191453
What are the prime factors of 6735143?
157, 42899
What are the prime factors of 75344?
2, 17, 277
List the prime factors of 4891880.
2, 5, 7, 17471
List the prime factors of 1018749.
3, 339583
What are the prime factors of 187540?
2, 5, 9377
What are the prime factors of 699384?
2, 3, 7, 23, 181
What are the prime factors of 5224999?
13, 41, 9803
List the prime factors of 23031034.
2, 13, 47, 401
List the prime factors of 334666.
2, 19, 8807
What are the prime factors of 3217651?
331, 9721
What are the prime factors of 1077937?
7, 153991
List the prime factors of 2476359.
3, 41, 2237
List the prime factors of 654348.
2, 3, 31, 1759
What are the prime factors of 303813?
3, 33757
List the prime factors of 401608.
2, 17, 2953
List the prime factors of 1030808.
2, 269, 479
What are the prime factors of 8696578?
2, 11, 29, 43, 317
What are the prime factors of 789116?
2, 197279
What are the prime factors of 19218842?
2, 19, 505759
What are the prime factors of 60776?
2, 71, 107
List the prime factors of 2135776.
2, 31, 2153
List the prime factors of 4783686.
2, 3, 797281
List the prime factors of 6864033.
3, 11, 208001
What are the prime factors of 1585246?
2, 13, 19, 3209
What are the prime factors of 11025426?
2, 3, 251, 7321
List the prime factors of 6720177.
3, 109, 20551
What are the prime factors of 2744786?
2, 11, 17, 41, 179
List the prime factors of 8987620.
2, 5, 449381
List the prime factors of 333986.
2, 41, 4073
What are the prime factors of 4587057?
3, 169891
What are the prime factors of 4997162?
2, 41, 149, 409
What are the prime factors of 39245219?
13, 619, 4877
List the prime factors of 264320.
2, 5, 7, 59
Lis